{"id":580,"date":"2025-03-11T14:39:28","date_gmt":"2025-03-11T13:39:28","guid":{"rendered":"http:\/\/dev.pixelmimosa.com\/capucineetmimosa\/?post_type=product&#038;p=580"},"modified":"2025-03-13T10:58:31","modified_gmt":"2025-03-13T09:58:31","slug":"580","status":"publish","type":"product","link":"https:\/\/dev.pixelmimosa.com\/capucineetmimosa\/produit\/580\/","title":{"rendered":"\u00c9clat carmine"},"content":{"rendered":"<p>Avec son alliance de rouges profonds, de roses d\u00e9licats et de tons naturels, <strong data-start=\"419\" data-end=\"436\">\u00c9clat Carmine<\/strong> incarne l\u2019\u00e9quilibre parfait entre intensit\u00e9 et tendresse. Cette composition de fleurs s\u00e9ch\u00e9es apporte une touche de chaleur et d\u2019\u00e9l\u00e9gance \u00e0 tout int\u00e9rieur. Parfaite pour une ambiance romantique et raffin\u00e9e, elle sublime un espace avec sa pr\u00e9sence intemporelle et envo\u00fbtante.<\/p>\n","protected":false},"excerpt":{"rendered":"<p>Une composition vibrante et \u00e9l\u00e9gante, m\u00ealant des fleurs s\u00e9ch\u00e9es aux teintes rouge, rose et naturel pour une touche de passion et de douceur.<\/p>\n","protected":false},"featured_media":666,"comment_status":"open","ping_status":"closed","template":"","meta":[],"product_brand":[],"product_cat":[22],"product_tag":[],"class_list":{"0":"post-580","1":"product","2":"type-product","3":"status-publish","4":"has-post-thumbnail","6":"product_cat-fleurs-sechees","8":"first","9":"instock","10":"shipping-taxable","11":"purchasable","12":"product-type-simple"},"_links":{"self":[{"href":"https:\/\/dev.pixelmimosa.com\/capucineetmimosa\/wp-json\/wp\/v2\/product\/580","targetHints":{"allow":["GET"]}}],"collection":[{"href":"https:\/\/dev.pixelmimosa.com\/capucineetmimosa\/wp-json\/wp\/v2\/product"}],"about":[{"href":"https:\/\/dev.pixelmimosa.com\/capucineetmimosa\/wp-json\/wp\/v2\/types\/product"}],"replies":[{"embeddable":true,"href":"https:\/\/dev.pixelmimosa.com\/capucineetmimosa\/wp-json\/wp\/v2\/comments?post=580"}],"wp:featuredmedia":[{"embeddable":true,"href":"https:\/\/dev.pixelmimosa.com\/capucineetmimosa\/wp-json\/wp\/v2\/media\/666"}],"wp:attachment":[{"href":"https:\/\/dev.pixelmimosa.com\/capucineetmimosa\/wp-json\/wp\/v2\/media?parent=580"}],"wp:term":[{"taxonomy":"product_brand","embeddable":true,"href":"https:\/\/dev.pixelmimosa.com\/capucineetmimosa\/wp-json\/wp\/v2\/product_brand?post=580"},{"taxonomy":"product_cat","embeddable":true,"href":"https:\/\/dev.pixelmimosa.com\/capucineetmimosa\/wp-json\/wp\/v2\/product_cat?post=580"},{"taxonomy":"product_tag","embeddable":true,"href":"https:\/\/dev.pixelmimosa.com\/capucineetmimosa\/wp-json\/wp\/v2\/product_tag?post=580"}],"curies":[{"name":"wp","href":"https:\/\/api.w.org\/{rel}","templated":true}]}}