{"id":564,"date":"2025-03-11T14:20:24","date_gmt":"2025-03-11T13:20:24","guid":{"rendered":"http:\/\/dev.pixelmimosa.com\/capucineetmimosa\/?post_type=product&#038;p=564"},"modified":"2025-03-13T10:54:36","modified_gmt":"2025-03-13T09:54:36","slug":"douce-flanelle","status":"publish","type":"product","link":"https:\/\/dev.pixelmimosa.com\/capucineetmimosa\/produit\/douce-flanelle\/","title":{"rendered":"Douce flanelle"},"content":{"rendered":"<p>Avec ses couleurs douces et enveloppantes, <strong data-start=\"2514\" data-end=\"2532\">Douce Flanelle<\/strong> est un v\u00e9ritable cocon floral. Le jaune \u00e9clatant apporte une touche lumineuse, tandis que le blanc, le violet et le rose cr\u00e9ent une harmonie subtile et \u00e9l\u00e9gante. Ce bouquet inspire la douceur et le r\u00e9confort, parfait pour une attention d\u00e9licate ou une d\u00e9coration apaisante.<\/p>\n","protected":false},"excerpt":{"rendered":"<p>Un bouquet cosy et raffin\u00e9, aux teintes de jaune, blanc, violet et rose, pour une atmosph\u00e8re chaleureuse et apaisante.<\/p>\n","protected":false},"featured_media":651,"comment_status":"open","ping_status":"closed","template":"","meta":[],"product_brand":[],"product_cat":[21],"product_tag":[],"class_list":{"0":"post-564","1":"product","2":"type-product","3":"status-publish","4":"has-post-thumbnail","6":"product_cat-bouquets-de-fleurs-fraiches","8":"first","9":"instock","10":"shipping-taxable","11":"purchasable","12":"product-type-simple"},"_links":{"self":[{"href":"https:\/\/dev.pixelmimosa.com\/capucineetmimosa\/wp-json\/wp\/v2\/product\/564","targetHints":{"allow":["GET"]}}],"collection":[{"href":"https:\/\/dev.pixelmimosa.com\/capucineetmimosa\/wp-json\/wp\/v2\/product"}],"about":[{"href":"https:\/\/dev.pixelmimosa.com\/capucineetmimosa\/wp-json\/wp\/v2\/types\/product"}],"replies":[{"embeddable":true,"href":"https:\/\/dev.pixelmimosa.com\/capucineetmimosa\/wp-json\/wp\/v2\/comments?post=564"}],"wp:featuredmedia":[{"embeddable":true,"href":"https:\/\/dev.pixelmimosa.com\/capucineetmimosa\/wp-json\/wp\/v2\/media\/651"}],"wp:attachment":[{"href":"https:\/\/dev.pixelmimosa.com\/capucineetmimosa\/wp-json\/wp\/v2\/media?parent=564"}],"wp:term":[{"taxonomy":"product_brand","embeddable":true,"href":"https:\/\/dev.pixelmimosa.com\/capucineetmimosa\/wp-json\/wp\/v2\/product_brand?post=564"},{"taxonomy":"product_cat","embeddable":true,"href":"https:\/\/dev.pixelmimosa.com\/capucineetmimosa\/wp-json\/wp\/v2\/product_cat?post=564"},{"taxonomy":"product_tag","embeddable":true,"href":"https:\/\/dev.pixelmimosa.com\/capucineetmimosa\/wp-json\/wp\/v2\/product_tag?post=564"}],"curies":[{"name":"wp","href":"https:\/\/api.w.org\/{rel}","templated":true}]}}