{"id":29,"date":"2024-12-19T11:09:23","date_gmt":"2024-12-19T10:09:23","guid":{"rendered":"http:\/\/localhost\/capucine&#038;mimosa\/?page_id=29"},"modified":"2025-03-14T13:33:33","modified_gmt":"2025-03-14T12:33:33","slug":"prestations","status":"publish","type":"page","link":"https:\/\/dev.pixelmimosa.com\/capucineetmimosa\/prestations\/","title":{"rendered":"Prestations"},"content":{"rendered":"\t\t<div data-elementor-type=\"wp-page\" data-elementor-id=\"29\" class=\"elementor elementor-29\">\n\t\t\t\t<div class=\"elementor-element elementor-element-6e9d243 e-flex e-con-boxed e-con e-parent\" data-id=\"6e9d243\" data-element_type=\"container\" data-e-type=\"container\">\n\t\t\t\t\t<div class=\"e-con-inner\">\n\t\t\t\t<div class=\"elementor-element elementor-element-d2b2a64 elementor-widget__width-initial elementor-widget elementor-widget-text-editor\" data-id=\"d2b2a64\" data-element_type=\"widget\" data-e-type=\"widget\" data-widget_type=\"text-editor.default\">\n\t\t\t\t<div class=\"elementor-widget-container\">\n\t\t\t\t\t\t\t\t\t<p><span style=\"font-weight: 400;\">Chez Capucine et Mimosa, nous croyons que chaque moment de vie m\u00e9rite d\u2019\u00eatre sublim\u00e9 par des fleurs. Que ce soit pour vos grands \u00e9v\u00e9nements, un apprentissage cr\u00e9atif ou une commande personnalis\u00e9e, nos cr\u00e9ations sont con\u00e7ues avec soin pour refl\u00e9ter vos envies.<\/span><\/p>\t\t\t\t\t\t\t\t<\/div>\n\t\t\t\t<\/div>\n\t\t\t\t\t<\/div>\n\t\t\t\t<\/div>\n\t\t<div class=\"elementor-element elementor-element-970f339 e-flex e-con-boxed elementor-invisible e-con e-parent\" data-id=\"970f339\" data-element_type=\"container\" data-e-type=\"container\" data-settings=\"{&quot;animation&quot;:&quot;fadeInUp&quot;,&quot;animation_mobile&quot;:&quot;none&quot;}\">\n\t\t\t\t\t<div class=\"e-con-inner\">\n\t\t<div class=\"elementor-element elementor-element-e50e003 e-con-full e-flex e-con e-child\" data-id=\"e50e003\" data-element_type=\"container\" data-e-type=\"container\">\n\t\t<div class=\"elementor-element elementor-element-fa8608f e-con-full e-flex e-con e-child\" data-id=\"fa8608f\" data-element_type=\"container\" data-e-type=\"container\">\n\t\t\t\t<div class=\"elementor-element elementor-element-0ffa0e2 elementor-widget elementor-widget-heading\" data-id=\"0ffa0e2\" data-element_type=\"widget\" data-e-type=\"widget\" data-widget_type=\"heading.default\">\n\t\t\t\t<div class=\"elementor-widget-container\">\n\t\t\t\t\t<h2 class=\"elementor-heading-title elementor-size-default\">Des fleurs pour vos moments pr\u00e9cieux<\/h2>\t\t\t\t<\/div>\n\t\t\t\t<\/div>\n\t\t\t\t<div class=\"elementor-element elementor-element-8c77acf elementor-widget elementor-widget-text-editor\" data-id=\"8c77acf\" data-element_type=\"widget\" data-e-type=\"widget\" data-widget_type=\"text-editor.default\">\n\t\t\t\t<div class=\"elementor-widget-container\">\n\t\t\t\t\t\t\t\t\t<p><span style=\"font-weight: 400;\">\u00c9v\u00e9nements marquants ou petites c\u00e9l\u00e9brations, nous mettons notre savoir-faire au service de vos plus beaux jours.<\/span><\/p><ul><li style=\"font-weight: 400;\" aria-level=\"1\"><b>Mariages<\/b><span style=\"font-weight: 400;\"> : Du bouquet de la mari\u00e9e aux centres de table en passant par les arches fleuries, nous cr\u00e9ons une ambiance florale sur-mesure pour votre grand jour.<\/span><\/li><li style=\"font-weight: 400;\" aria-level=\"1\"><b>Anniversaires et bapt\u00eames<\/b><span style=\"font-weight: 400;\"> : Ajoutez une touche festive et color\u00e9e \u00e0 vos moments familiaux.<\/span><\/li><li style=\"font-weight: 400;\" aria-level=\"1\"><b>D\u00e9parts en retraite ou soir\u00e9es d\u2019entreprise<\/b><span style=\"font-weight: 400;\"> : Laissez une impression m\u00e9morable avec une d\u00e9coration florale \u00e9l\u00e9gante et adapt\u00e9e au th\u00e8me de votre \u00e9v\u00e9nement.<\/span><\/li><\/ul><p><span style=\"font-weight: 400;\">Chaque composition est pens\u00e9e pour correspondre \u00e0 vos go\u00fbts et \u00e0 l\u2019esprit de votre \u00e9v\u00e9nement.<\/span><\/p>\t\t\t\t\t\t\t\t<\/div>\n\t\t\t\t<\/div>\n\t\t\t\t<\/div>\n\t\t<div class=\"elementor-element elementor-element-f41842e e-con-full e-flex e-con e-child\" data-id=\"f41842e\" data-element_type=\"container\" data-e-type=\"container\">\n\t\t\t\t<div class=\"elementor-element elementor-element-01fa6ef elementor-widget elementor-widget-image\" data-id=\"01fa6ef\" data-element_type=\"widget\" data-e-type=\"widget\" data-widget_type=\"image.default\">\n\t\t\t\t<div class=\"elementor-widget-container\">\n\t\t\t\t\t\t\t\t\t\t\t\t\t\t\t<img fetchpriority=\"high\" decoding=\"async\" width=\"692\" height=\"1024\" src=\"https:\/\/dev.pixelmimosa.com\/capucineetmimosa\/wp-content\/uploads\/2025\/01\/mariage-1-min-692x1024.png\" class=\"attachment-large size-large wp-image-364\" alt=\"\" srcset=\"https:\/\/dev.pixelmimosa.com\/capucineetmimosa\/wp-content\/uploads\/2025\/01\/mariage-1-min-692x1024.png 692w, https:\/\/dev.pixelmimosa.com\/capucineetmimosa\/wp-content\/uploads\/2025\/01\/mariage-1-min-800x1184.png 800w, https:\/\/dev.pixelmimosa.com\/capucineetmimosa\/wp-content\/uploads\/2025\/01\/mariage-1-min-203x300.png 203w, https:\/\/dev.pixelmimosa.com\/capucineetmimosa\/wp-content\/uploads\/2025\/01\/mariage-1-min-768x1136.png 768w, https:\/\/dev.pixelmimosa.com\/capucineetmimosa\/wp-content\/uploads\/2025\/01\/mariage-1-min-230x340.png 230w, https:\/\/dev.pixelmimosa.com\/capucineetmimosa\/wp-content\/uploads\/2025\/01\/mariage-1-min-350x518.png 350w, https:\/\/dev.pixelmimosa.com\/capucineetmimosa\/wp-content\/uploads\/2025\/01\/mariage-1-min-480x710.png 480w, https:\/\/dev.pixelmimosa.com\/capucineetmimosa\/wp-content\/uploads\/2025\/01\/mariage-1-min.png 963w\" sizes=\"(max-width: 692px) 100vw, 692px\" \/>\t\t\t\t\t\t\t\t\t\t\t\t\t\t\t<\/div>\n\t\t\t\t<\/div>\n\t\t\t\t<\/div>\n\t\t\t\t<\/div>\n\t\t\t\t\t<\/div>\n\t\t\t\t<\/div>\n\t\t<div class=\"elementor-element elementor-element-db28fc3 e-flex e-con-boxed elementor-invisible e-con e-parent\" data-id=\"db28fc3\" data-element_type=\"container\" data-e-type=\"container\" data-settings=\"{&quot;animation&quot;:&quot;fadeInUp&quot;,&quot;animation_mobile&quot;:&quot;none&quot;}\">\n\t\t\t\t\t<div class=\"e-con-inner\">\n\t\t<div class=\"elementor-element elementor-element-a3c3376 e-con-full e-flex e-con e-child\" data-id=\"a3c3376\" data-element_type=\"container\" data-e-type=\"container\">\n\t\t<div class=\"elementor-element elementor-element-948bc5f e-con-full e-flex e-con e-child\" data-id=\"948bc5f\" data-element_type=\"container\" data-e-type=\"container\">\n\t\t\t\t<div class=\"elementor-element elementor-element-f3abd38 elementor-widget elementor-widget-image\" data-id=\"f3abd38\" data-element_type=\"widget\" data-e-type=\"widget\" data-widget_type=\"image.default\">\n\t\t\t\t<div class=\"elementor-widget-container\">\n\t\t\t\t\t\t\t\t\t\t\t\t\t\t\t<img decoding=\"async\" width=\"480\" height=\"656\" src=\"https:\/\/dev.pixelmimosa.com\/capucineetmimosa\/wp-content\/uploads\/2025\/01\/ateliers-min-1-480x656.png\" class=\"attachment-sydney-mas-thumb size-sydney-mas-thumb wp-image-372\" alt=\"\" srcset=\"https:\/\/dev.pixelmimosa.com\/capucineetmimosa\/wp-content\/uploads\/2025\/01\/ateliers-min-1-480x656.png 480w, https:\/\/dev.pixelmimosa.com\/capucineetmimosa\/wp-content\/uploads\/2025\/01\/ateliers-min-1-800x1093.png 800w, https:\/\/dev.pixelmimosa.com\/capucineetmimosa\/wp-content\/uploads\/2025\/01\/ateliers-min-1-220x300.png 220w, https:\/\/dev.pixelmimosa.com\/capucineetmimosa\/wp-content\/uploads\/2025\/01\/ateliers-min-1-750x1024.png 750w, https:\/\/dev.pixelmimosa.com\/capucineetmimosa\/wp-content\/uploads\/2025\/01\/ateliers-min-1-768x1049.png 768w, https:\/\/dev.pixelmimosa.com\/capucineetmimosa\/wp-content\/uploads\/2025\/01\/ateliers-min-1-230x314.png 230w, https:\/\/dev.pixelmimosa.com\/capucineetmimosa\/wp-content\/uploads\/2025\/01\/ateliers-min-1-350x478.png 350w, https:\/\/dev.pixelmimosa.com\/capucineetmimosa\/wp-content\/uploads\/2025\/01\/ateliers-min-1.png 983w\" sizes=\"(max-width: 480px) 100vw, 480px\" \/>\t\t\t\t\t\t\t\t\t\t\t\t\t\t\t<\/div>\n\t\t\t\t<\/div>\n\t\t\t\t<\/div>\n\t\t<div class=\"elementor-element elementor-element-5e37747 e-con-full e-flex e-con e-child\" data-id=\"5e37747\" data-element_type=\"container\" data-e-type=\"container\">\n\t\t\t\t<div class=\"elementor-element elementor-element-a15cbc1 elementor-widget elementor-widget-heading\" data-id=\"a15cbc1\" data-element_type=\"widget\" data-e-type=\"widget\" data-widget_type=\"heading.default\">\n\t\t\t\t<div class=\"elementor-widget-container\">\n\t\t\t\t\t<h1 class=\"elementor-heading-title elementor-size-default\">Apprenez \u00e0 cr\u00e9er avec nous...<\/h1>\t\t\t\t<\/div>\n\t\t\t\t<\/div>\n\t\t\t\t<div class=\"elementor-element elementor-element-4ec5c16 elementor-widget elementor-widget-text-editor\" data-id=\"4ec5c16\" data-element_type=\"widget\" data-e-type=\"widget\" data-widget_type=\"text-editor.default\">\n\t\t\t\t<div class=\"elementor-widget-container\">\n\t\t\t\t\t\t\t\t\t<p><span style=\"font-weight: 400;\">Explorez le monde fascinant de l\u2019art floral \u00e0 travers nos ateliers th\u00e9matiques.<\/span><\/p><ul><li style=\"font-weight: 400;\" aria-level=\"1\"><b>Ateliers pour particuliers<\/b><span style=\"font-weight: 400;\"> : Apprenez \u00e0 confectionner votre propre bouquet champ\u00eatre, \u00e0 cr\u00e9er une couronne de fleurs s\u00e9ch\u00e9es ou \u00e0 composer une d\u00e9coration florale pour les f\u00eates.<\/span><\/li><li style=\"font-weight: 400;\" aria-level=\"1\"><b>Team-building et groupes<\/b><span style=\"font-weight: 400;\"> : Renforcez les liens dans une ambiance conviviale tout en laissant parler votre cr\u00e9ativit\u00e9.<\/span><\/li><li style=\"font-weight: 400;\" aria-level=\"1\"><b>\u00c9v\u00e9nements sur mesure<\/b><span style=\"font-weight: 400;\"> : Des ateliers personnalis\u00e9s pour des EVJF, anniversaires ou autres occasions sp\u00e9ciales.<\/span><\/li><\/ul><p><span style=\"font-weight: 400;\">Nos ateliers sont accessibles \u00e0 tous, sans besoin d\u2019exp\u00e9rience pr\u00e9alable. Repartez fi\u00e8rement avec votre cr\u00e9ation et un sourire aux l\u00e8vres\u202f!<\/span><\/p>\t\t\t\t\t\t\t\t<\/div>\n\t\t\t\t<\/div>\n\t\t\t\t<\/div>\n\t\t\t\t<\/div>\n\t\t\t\t\t<\/div>\n\t\t\t\t<\/div>\n\t\t<div class=\"elementor-element elementor-element-8583c2f e-flex e-con-boxed elementor-invisible e-con e-parent\" data-id=\"8583c2f\" data-element_type=\"container\" data-e-type=\"container\" data-settings=\"{&quot;animation&quot;:&quot;fadeInUp&quot;,&quot;animation_mobile&quot;:&quot;none&quot;}\">\n\t\t\t\t\t<div class=\"e-con-inner\">\n\t\t<div class=\"elementor-element elementor-element-2dec9c7 e-con-full e-flex e-con e-child\" data-id=\"2dec9c7\" data-element_type=\"container\" data-e-type=\"container\">\n\t\t<div class=\"elementor-element elementor-element-6b81a78 e-con-full e-flex e-con e-child\" data-id=\"6b81a78\" data-element_type=\"container\" data-e-type=\"container\">\n\t\t\t\t<div class=\"elementor-element elementor-element-aa9715d elementor-widget elementor-widget-heading\" data-id=\"aa9715d\" data-element_type=\"widget\" data-e-type=\"widget\" data-widget_type=\"heading.default\">\n\t\t\t\t<div class=\"elementor-widget-container\">\n\t\t\t\t\t<h2 class=\"elementor-heading-title elementor-size-default\">Des cr\u00e9ations uniques pour chaque envie<\/h2>\t\t\t\t<\/div>\n\t\t\t\t<\/div>\n\t\t\t\t<div class=\"elementor-element elementor-element-009b2f8 elementor-widget elementor-widget-text-editor\" data-id=\"009b2f8\" data-element_type=\"widget\" data-e-type=\"widget\" data-widget_type=\"text-editor.default\">\n\t\t\t\t<div class=\"elementor-widget-container\">\n\t\t\t\t\t\t\t\t\t<p><span style=\"font-weight: 400;\">Vous r\u00eavez d\u2019une composition florale qui refl\u00e8te votre style ou votre th\u00e8me\u202f? Nous sommes \u00e0 votre \u00e9coute.<\/span><\/p><ul><li style=\"font-weight: 400;\" aria-level=\"1\"><span style=\"font-weight: 400;\"><strong>Bouquets personnalis\u00e9s<\/strong> pour offrir ou se faire plaisir.<\/span><\/li><li style=\"font-weight: 400;\" aria-level=\"1\"><span style=\"font-weight: 400;\"><strong>D\u00e9corations florales<\/strong> pour un lieu sp\u00e9cifique ou une occasion particuli\u00e8re.<\/span><\/li><li style=\"font-weight: 400;\" aria-level=\"1\"><span style=\"font-weight: 400;\"><strong>Service de livraison<\/strong> \u00e0 domicile ou directement sur le lieu de votre \u00e9v\u00e9nement.<\/span><\/li><\/ul><p><span style=\"font-weight: 400;\">Avec Capucine et Mimosa, chaque composition est pens\u00e9e comme une \u0153uvre d\u2019art, unique et pr\u00e9cieuse.<\/span><\/p>\t\t\t\t\t\t\t\t<\/div>\n\t\t\t\t<\/div>\n\t\t\t\t<\/div>\n\t\t<div class=\"elementor-element elementor-element-5af12de e-con-full e-flex e-con e-child\" data-id=\"5af12de\" data-element_type=\"container\" data-e-type=\"container\">\n\t\t\t\t<div class=\"elementor-element elementor-element-ed7f656 elementor-widget elementor-widget-image\" data-id=\"ed7f656\" data-element_type=\"widget\" data-e-type=\"widget\" data-widget_type=\"image.default\">\n\t\t\t\t<div class=\"elementor-widget-container\">\n\t\t\t\t\t\t\t\t\t\t\t\t\t\t\t<img decoding=\"async\" width=\"690\" height=\"1024\" src=\"https:\/\/dev.pixelmimosa.com\/capucineetmimosa\/wp-content\/uploads\/2025\/01\/bouquet-min-1-690x1024.png\" class=\"attachment-large size-large wp-image-373\" alt=\"\" srcset=\"https:\/\/dev.pixelmimosa.com\/capucineetmimosa\/wp-content\/uploads\/2025\/01\/bouquet-min-1-690x1024.png 690w, https:\/\/dev.pixelmimosa.com\/capucineetmimosa\/wp-content\/uploads\/2025\/01\/bouquet-min-1-800x1187.png 800w, https:\/\/dev.pixelmimosa.com\/capucineetmimosa\/wp-content\/uploads\/2025\/01\/bouquet-min-1-202x300.png 202w, https:\/\/dev.pixelmimosa.com\/capucineetmimosa\/wp-content\/uploads\/2025\/01\/bouquet-min-1-768x1139.png 768w, https:\/\/dev.pixelmimosa.com\/capucineetmimosa\/wp-content\/uploads\/2025\/01\/bouquet-min-1-230x341.png 230w, https:\/\/dev.pixelmimosa.com\/capucineetmimosa\/wp-content\/uploads\/2025\/01\/bouquet-min-1-350x519.png 350w, https:\/\/dev.pixelmimosa.com\/capucineetmimosa\/wp-content\/uploads\/2025\/01\/bouquet-min-1-480x712.png 480w, https:\/\/dev.pixelmimosa.com\/capucineetmimosa\/wp-content\/uploads\/2025\/01\/bouquet-min-1.png 985w\" sizes=\"(max-width: 690px) 100vw, 690px\" \/>\t\t\t\t\t\t\t\t\t\t\t\t\t\t\t<\/div>\n\t\t\t\t<\/div>\n\t\t\t\t<\/div>\n\t\t\t\t<\/div>\n\t\t\t\t\t<\/div>\n\t\t\t\t<\/div>\n\t\t<div class=\"elementor-element elementor-element-b1ff97a blocCTA e-flex e-con-boxed elementor-invisible e-con e-parent\" data-id=\"b1ff97a\" data-element_type=\"container\" data-e-type=\"container\" data-settings=\"{&quot;background_background&quot;:&quot;classic&quot;,&quot;animation&quot;:&quot;fadeInUp&quot;,&quot;animation_mobile&quot;:&quot;none&quot;}\">\n\t\t\t\t\t<div class=\"e-con-inner\">\n\t\t\t\t<div class=\"elementor-element elementor-element-51c661e elementor-widget elementor-widget-heading\" data-id=\"51c661e\" data-element_type=\"widget\" data-e-type=\"widget\" data-widget_type=\"heading.default\">\n\t\t\t\t<div class=\"elementor-widget-container\">\n\t\t\t\t\t<h3 class=\"elementor-heading-title elementor-size-default\">Contactez-nous pour faire fleurir vos projets\n<\/h3>\t\t\t\t<\/div>\n\t\t\t\t<\/div>\n\t\t\t\t<div class=\"elementor-element elementor-element-8a44bae elementor-widget elementor-widget-text-editor\" data-id=\"8a44bae\" data-element_type=\"widget\" data-e-type=\"widget\" data-widget_type=\"text-editor.default\">\n\t\t\t\t<div class=\"elementor-widget-container\">\n\t\t\t\t\t\t\t\t\t<p><span style=\"font-weight: 400;\">Envie de fleurs pour sublimer vos moments ou d\u2019apprendre \u00e0 cr\u00e9er vous-m\u00eame\u202f? \u00c9changeons sur votre projet et faisons \u00e9clore vos id\u00e9es\u202f!<\/span><\/p>\t\t\t\t\t\t\t\t<\/div>\n\t\t\t\t<\/div>\n\t\t\t\t<div class=\"elementor-element elementor-element-b322e24 elementor-align-center elementor-widget elementor-widget-button\" data-id=\"b322e24\" data-element_type=\"widget\" data-e-type=\"widget\" data-widget_type=\"button.default\">\n\t\t\t\t<div class=\"elementor-widget-container\">\n\t\t\t\t\t\t\t\t\t<div class=\"elementor-button-wrapper\">\n\t\t\t\t\t<a class=\"elementor-button elementor-button-link elementor-size-sm\" href=\"https:\/\/dev.pixelmimosa.com\/capucineetmimosa\/contact\/\">\n\t\t\t\t\t\t<span class=\"elementor-button-content-wrapper\">\n\t\t\t\t\t\t\t\t\t<span class=\"elementor-button-text\">Parlez-nous de votre projet<\/span>\n\t\t\t\t\t<\/span>\n\t\t\t\t\t<\/a>\n\t\t\t\t<\/div>\n\t\t\t\t\t\t\t\t<\/div>\n\t\t\t\t<\/div>\n\t\t\t\t\t<\/div>\n\t\t\t\t<\/div>\n\t\t\t\t<\/div>\n\t\t","protected":false},"excerpt":{"rendered":"<p>Chez Capucine et Mimosa, nous croyons que chaque moment de vie m\u00e9rite d\u2019\u00eatre sublim\u00e9 par des fleurs. Que ce soit pour vos [&hellip;]<\/p>\n","protected":false},"author":1,"featured_media":352,"parent":0,"menu_order":0,"comment_status":"closed","ping_status":"closed","template":"elementor_header_footer","meta":{"footnotes":""},"class_list":["post-29","page","type-page","status-publish","has-post-thumbnail","hentry"],"_links":{"self":[{"href":"https:\/\/dev.pixelmimosa.com\/capucineetmimosa\/wp-json\/wp\/v2\/pages\/29","targetHints":{"allow":["GET"]}}],"collection":[{"href":"https:\/\/dev.pixelmimosa.com\/capucineetmimosa\/wp-json\/wp\/v2\/pages"}],"about":[{"href":"https:\/\/dev.pixelmimosa.com\/capucineetmimosa\/wp-json\/wp\/v2\/types\/page"}],"author":[{"embeddable":true,"href":"https:\/\/dev.pixelmimosa.com\/capucineetmimosa\/wp-json\/wp\/v2\/users\/1"}],"replies":[{"embeddable":true,"href":"https:\/\/dev.pixelmimosa.com\/capucineetmimosa\/wp-json\/wp\/v2\/comments?post=29"}],"version-history":[{"count":61,"href":"https:\/\/dev.pixelmimosa.com\/capucineetmimosa\/wp-json\/wp\/v2\/pages\/29\/revisions"}],"predecessor-version":[{"id":762,"href":"https:\/\/dev.pixelmimosa.com\/capucineetmimosa\/wp-json\/wp\/v2\/pages\/29\/revisions\/762"}],"wp:featuredmedia":[{"embeddable":true,"href":"https:\/\/dev.pixelmimosa.com\/capucineetmimosa\/wp-json\/wp\/v2\/media\/352"}],"wp:attachment":[{"href":"https:\/\/dev.pixelmimosa.com\/capucineetmimosa\/wp-json\/wp\/v2\/media?parent=29"}],"curies":[{"name":"wp","href":"https:\/\/api.w.org\/{rel}","templated":true}]}}